 Calculate y(-7).
-5
Let d(c) = c**2 - 16*c + 17. Determine d(14).
-11
Let c(z) = -z**3 - 7*z**2 + 8*z - 7. Give c(-8).
-7
Let w(a) = 2*a**2 + 16*a + 24. What is w(-7)?
10
Let a(k) = 2*k**2 + 13*k - 2. What is a(-7)?
5
Let x(n) = -n**3 - 8*n**2 + 7*n + 1. Calculate x(-9).
19
Let n(k) = k**2 - 13*k + 22. Give n(11).
0
Let d(h) = h**2 - 3*h + 6. Give d(6).
24
Let f(u) = 12*u + 172. What is f(-14)?
4
Let o(f) = -16*f - 10. Give o(-3).
38
Let x(l) = -l**2 - 13*l - 3. Calculate x(-13).
-3
Let x(g) = -g**3 + 10*g**2 - 3*g - 2. What is x(10)?
-32
Let m(s) = -s**3 - 5*s**2 + 6*s. What is m(-6)?
0
Let g(u) = 71*u**3 + u**2 - 1. Calculate g(1).
71
Let i(p) = -p**2 + 8*p - 16. What is i(3)?
-1
Let v(a) = 7*a - 23. What is v(2)?
-9
Let o(w) = -w**3 - 9*w**2 + 18*w + 80. Give o(-10).
0
Let j(f) = f**2 + 37*f + 68. What is j(-2)?
-2
Let h(n) = -2*n**3 - 2*n**2 - 25*n - 6. Give h(-4).
190
Let i(s) = -s**3 - 2*s - 3. Give i(-3).
30
Let w(b) = -b**2 - 12*b - 10. Calculate w(-11).
1
Let h(t) = -t**3 - 16*t**2 - 20*t + 10. Give h(-14).
-102
Let d(q) = q**2 + 10*q - 6. Calculate d(-9).
-15
Let s(c) = -c**3 + 8*c**2 - c - 4. Give s(8).
-12
Let l(y) = y**3 - 2*y**2 - 4*y + 6. Give l(4).
22
Let q(r) = r**2 + 13*r + 19. Calculate q(-10).
-11
Let i(j) = 2*j**3 - 2*j + 6. Give i(2).
18
Let l(k) = -28*k**2 - k. Calculate l(-1).
-27
Let u(w) = -w**3 - 33*w**2 - 28*w - 930. Determine u(-33).
-6
Let v(t) = -4*t - 3. Calculate v(-2).
5
Let n(j) = j + 7. Calculate n(-4).
3
Let n(s) = s**3 - 8*s**2 + 4*s + 1. Give n(7).
-20
Let t(o) = -2*o**2 - 3*o + 1. Calculate t(2).
-13
Let x(l) = 5*l - 19. What is x(-8)?
-59
Let h(z) = -z - 35. Calculate h(16).
-51
Let a(p) = p**3 + 4*p**2 - p - 5. Calculate a(-2).
5
Let o(g) = -2*g**3 - 9*g**2 - 2*g + 1. Calculate o(-4).
-7
Let t(g) = -g**3 + 4*g**2 + 3*g - 7. Give t(5).
-17
Let w(d) = -50*d + 289. Determine w(6).
-11
Let j(p) = 14*p - 1. What is j(1)?
13
Let v(m) = 2*m + 3. Calculate v(9).
21
Let u(g) = -g**3 - 6*g**2 + 9*g + 5. Calculate u(-7).
-9
Let p(v) = v - 17. Determine p(5).
-12
Let z(a) = -a**2 + 77*a - 1210. What is z(55)?
0
Let c(p) = -16*p**3 - 3*p**2 + 1. What is c(-2)?
117
Let h(j) = -3*j + 5. Determine h(2).
-1
Let x(o) = -2*o**2 - 17*o - 25. Determine x(-12).
-109
Let x(y) = -4*y + 11. What is x(5)?
-9
Let f(p) = p**3 + 10*p**2 + 10. Determine f(-10).
10
Let v(h) = h**3 - 9*h**2 + 3*h + 52. Determine v(7).
-25
Let v(z) = -z - 6. Calculate v(-5).
-1
Let s(m) = -m**3 - 18*m**2 - 6*m - 41. What is s(-18)?
67
Let l(g) = -g**3 - 22*g**2 + 50*g + 53. Give l(-24).
5
Let h(b) = 27*b - 552. Determine h(20).
-12
Let g(r) = r**2 + 2*r - 3. What is g(-4)?
5
Let r(t) = -10*t - 2. Give r(3).
-32
Let b(n) = 13*n - 6. Calculate b(5).
59
Let i(s) = 3*s**2 + 8*s - 2. Calculate i(-3).
1
Let h(m) = m - 11. Give h(7).
-4
Let g(o) = o**2 + o + 10. Calculate g(0).
10
Let b(l) = 2*l**2 - l - 4. What is b(2)?
2
Let c(j) = j**3 - 15*j**2 - 15*j - 6. What is c(16)?
10
Let o(z) = -z**3 + 5*z**2 - 3*z + 4. Determine o(4).
8
Let t(v) = -6*v + 24. What is t(-3)?
42
Let k(u) = -12*u**2 - 6*u + 8. Determine k(4).
-208
Let y(p) = p**3 + 44*p**2 + 42*p - 39. Calculate y(-43).
4
Let j(r) = 8*r**3 - 81*r**2 + 9*r + 3. Determine j(10).
-7
Let d(k) = 3*k - 24. What is d(8)?
0
Let j(m) = 5*m - 27. Determine j(4).
-7
Let j(f) = -8*f - 13. Determine j(10).
-93
Let d(w) = -w**3 - 8*w**2 - 6*w - 6. Give d(-6).
-42
Let h(c) = 3*c**3 + 2*c**2 - 1. Determine h(1).
4
Let o(h) = -5*h + 5. Calculate o(-4).
25
Let m(n) = n**2 + 15*n + 27. Determine m(-12).
-9
Let a(b) = b**3 + 2*b**2 + 2*b + 1. What is a(-2)?
-3
Let m(w) = -w + 2. Give m(1).
1
Let s(h) = -h**2 + 19*h + 12. Determine s(20).
-8
Let s(i) = 2*i**2 + i + 7. Calculate s(0).
7
Let v(a) = a**3 + 5*a**2 + 2*a + 108. Calculate v(-7).
-4
Let c(w) = w**2 + 8*w + 11. Calculate c(-7).
4
Let f(u) = -7*u**3 + 3*u**2 - 2*u - 1. What is f(1)?
-7
Let x(r) = -2*r**2 + 22*r + 26. Give x(11).
26
Let d(q) = -q**2 + 11*q - 8. Calculate d(10).
2
Let s(l) = -2*l**3 - l**2 + 43*l + 80. Calculate s(-2).
6
Let w(z) = -2*z**3 - z + 2. Give w(-2).
20
Let i(o) = o**2 + 6*o + 19. Determine i(-6).
19
Let n(y) = 3*y**3 + y**2 + 6*y + 3. Calculate n(-1).
-5
Let i(r) = -r**3 + 10*r**2 - 17*r - 9. Give i(7).
19
Let u(x) = 2*x**3 - 4*x**2 - 3*x. Determine u(-2).
-26
Let d(j) = -j**3 - 43*j**2 - 43*j - 57. Determine d(-42).
-15
Let u(z) = 3*z - 30. Give u(9).
-3
Let l(i) = -i**3 - 9*i**2 - 15*i - 37. Determine l(-7).
-30
Let g(f) = f**3 + 5*f**2 + 5*f - 5. Give g(-3).
-2
Let h(j) = -j**3 - 10*j**2 - 8*j + 2. Give h(-9).
-7
Let y(u) = -11*u**3 - u**2 - u. What is y(-1)?
11
Let b(t) = 5*t - 15. Determine b(6).
15
Let c(y) = y**2 + 7*y - 23. What is c(-9)?
-5
Let u(f) = f**3 - 3*f**2 - 2*f - 1. Give u(-3).
-49
Let d(n) = 10*n**3 + n**2 - 2. Calculate d(1).
9
Let m(k) = -k**2 - 23*k - 137. What is m(-12)?
-5
Let h(t) = 6*t + 48. Determine h(-4).
24
Let c(y) = -y**2 + 13*y - 30. Determine c(3).
0
Let k(c) = c**3 - 5*c**2 - 2*c + 4. Give k(-3).
-62
Let o(l) = -2*l + 1. Calculate o(4).
-7
Let o(q) = q**3 + 37*q**2 - 308*q + 3. Calculate o(-44).
3
Let d(b) = -18*b**2 - 108*b - 7. Calculate d(-6).
-7
Let p(c) = -10*c. Determine p(0).
0
Let o(j) = j**3 + 9*j**2 - 2*j + 7. Give o(-9).
25
Let f(v) = -3*v**2 + 2*v - 2. Determine f(1).
-3
Let k(g) = 4*g**2 + 32*g + 33. Give k(-1).
5
Let t(l) = 2*l**3 - 4*l**2 - l - 1. Calculate t(4).
59
Let n(i) = -i**3 + 3*i**2 + 4*i - 3. Give n(3).
9
Let c(k) = k**3 - 7*k**2 + 6*k - 11. Give c(6).
-11
Let n(t) = -t**3 + 9*t**2 - 2*t - 1. Calculate n(9).
-19
Let r(n) = n**3 + 16*n**2 + 16*n + 27. Determine r(-15).
12
Let t(i) = 33*i - 6. Calculate t(-2).
-72
Let t(o) = o**3 + 8*o**2 + 11*o + 8. Determine t(-5).
28
Let f(y) = y**3 + 11*y**2 - 7*y - 5. Calculate f(-11).
72
Let v(r) = r**2 - 25*r + 3. Give v(25).
3
Let s(n) = n**3 - 5*n**2 + 6*n - 12. What is s(5)?
18
Let a(t) = -t**3 + 5*t**2 + 3*t + 13. What is a(6)?
-5
Let p(z) = 12*z - 134. Determine p(10).
-14
Let r(h) = -h**3 + 4*h**2 - 15*h + 75. Determine r(5).
-25
Let m(i) = -i**3 - 5*i**2 + 4. What is m(-4)?
-12
Let s(c) = c + 4. What is s(-14)?
-10
Let y(p) = -2*p - 20. What is y(-10)?
0
Let m(l) = -9*l**2 - 3*l + 7. Determine m(2).
-35
Let o(b) = -2*b**2 + 10*b + 18. What is o(7)?
-10
Let l(p) = -p + 13. Calculate l(12).
1
Let v(t) = 2*t**3 + 2*t. Calculate v(2).
20
Let y(h) = h**2 + 9*h + 21. Calculate y(-6).
3
Let q(c) = -c**3 - 4*c**2 - 2*c + 8. Determine q(-4).
16
Let z(c) = c**2 + 24*c - 21. Give z(-25).
4
Let q(i) = i**2 - 13*i + 14. Determine q(11).
-8
Let m(s) = s**2 - 30*s - 16. Give m(28).
-72
Let s(n) = 3*n**2 - n - 27. Calculate s(-6).
87
Let f(u) = u - 48. Calculate f(58).
10
Let m(n) = n - 21. What is m(5)?
-16
Let z(f) = 2*f**2 - 10*f + 19. What is z(4)?
11
Let i(o) = o**3 - o**2 - 5*o - 10. Calculate i(0).
-10
Let n(q) = -q**2 - 5*q - 1. Calculate n(-6).
-7
Let v(w) = -2*w**2 - 3*w - 23. What is v(-8)?
-127
Let d(s) = 15*s - 2. Determine d(2).
28
Let g(b) = b**3 + 4*b**2 - 38*b - 46. What is g(-8)?
2
Let n(v) = -v**2 - 8*v + 5. What is n(-6)?
17
Let l(a) = 5*a**2 + 11*a. Give l(-4).
36
Let f(m) = m**2 + 4*m - 1. Calculate f(-5).
4
Let v(j) = 20*j**2 + 1. Give v(1).
21
Let y(i) = -i**3 - 8*i**2 + 5*i - 27. Give y(-9).
9
Let f(z) = 18*z + 10. What is f(-7)?
-116
Let s(x) = 10*x**2 + 11*x - 20. Calculate s(2).
42
Let v(u) = -u**3 + 8*u**2 - 13*u - 1. Determine v(5).
9
Let d(g) = g**3 + 3*g**2 - 5*g - 2. Calculate d(-4).
2
Let p(s) = -s**3 + 8*s**2 - 9*s + 12. Determine p(7).
-2
Let t(b) = -11*b + 1. Calculate t(-1).
12
Let c(s) = 10*s + 9. Calculate c(5).
59
Let l(i) = i**3 - 10*i**2 + 17*i - 5. Calculate l(8).
3
Let p(n) = 95*n + 477. Determine p(-5).
2
Let v(g) = 86*g - 16. Calculate v(-3).
-274
Let w(s) = -s**3 - 9*s**2 - 8*s - 16. Determine w(-7).
-58
Let d(s) = -9*s + 15. Determine d(-9).
96
Let d(c) = -c**3 + 12*c**2 + 12*c + 14. What is d(13)?
1
Let l(r) = r**2 - 8*r - 14. Give l(10).
6
Let b(n) = n**3 - 7*n**2 + 5*n + 5. Give b(6).
-1
Let y(q) = 12*q + 2. Determine y(1).
14
Let y(h) = h**3 + 15*h**2 - 3*h + 19. Determine y(-15).
64
Let q(n) = n**2 - 18*n + 59. Determine q(15).
14
Let l(r) = r**2 - 13*r - 23. Calculate l(17).
45
Let j(z) = -2*z + 19. Calculate j(6).
7
Let p(a) = a**3 + 9*a**2 - a + 11. What is p(-9)?
20
Let y(s) = s**3 - 6